s = -36 + 74. Suppose -7*x + 64 = -76. What is the remainder when s is divided by x?
18
Let v be (-1 + 4)/(2/(-10)). Let s(l) = 63*l - 35. Let z be s(v). Calculate the remainder when (4/16)/((-5)/z) is divided by 10.
9
Suppose -5*x + 2040 = 19*x. What is the remainder when x is divided by 8?
5
Let n(w) = 10*w + 30. Let c be n(14). Suppose -10*s + 1010 = c. Calculate the remainder when s is divided by 15.
9
What is the remainder when 204 is divided by (-20)/((4/14)/(-1))?
64
Suppose 25 = t - 78. What is the remainder when t is divided by 38?
27
Let m(u) = -u**2 + 6*u + 6. Let x be m(7). Let q be (-76)/(-5) - x/(-5). Suppose -q + 9 = -2*c. What is the remainder when 4 is divided by c?
1
Let i = -1060 + 1065. Calculate the remainder when 58 is divided by i.
3
Let h = 596 - 570. Suppose -3*l + 2*l + 62 = 0. What is the remainder when l is divided by h?
10
Let c be (-1 - -6)*2/5. Suppose -c*b - 102 = -510. Calculate the remainder when 28 is divided by b/20 - 1/5.
8
Suppose 4*f - 21 = -3*q, 55 = 5*f + 78*q - 80*q. Suppose 3*s = 31 + 71. Calculate the remainder when s is divided by f.
7
Suppose -5*p = -24*m + 29*m - 280, -3*p - 48 = -m. Calculate the remainder when 215 is divided by m.
53
Suppose 36*q + 4 = 38*q. Suppose -c + 318 = 2*c - h, -q*c + h = -212. What is the remainder when c is divided by 27?
25
Let f(o) = 8*o + 3. Let x be f(8). Suppose 4*n + x = 23. Let d = 41 + n. What is the remainder when 58 is divided by d?
28
Let x(u) = -91*u - 252. What is the remainder when 78 is divided by x(-3)?
15
Suppose 3*b + 1 = -4*i, 5 = -4*i - i. Let f(z) = 4*z + z - 4*z - b + 5. Calculate the remainder when 11 is divided by f(3).
4
Suppose 4*t - m = -4*m - 28, 4*t - 5*m - 4 = 0. Let l be t + (0 + -2 - 0). Calculate the remainder when 55 is divided by 3*l/(-45)*35.
13
Let d(t) = 21*t**2 + 9*t + 12. What is the remainder when 227 is divided by d(-2)?
71
Suppose 8 + 50 = 2*f. Let g be f/9 - 2/9. What is the remainder when 69 is divided by g + -3 + -2 + 20?
15
Let g = 60 + -47. What is the remainder when g is divided by (48/(-84))/(3/(-21))?
1
Let u be 0 - 3/(3/35). What is the remainder when -6*-5*u/(-15) is divided by 20?
10
Suppose -5*z - 140 = -440. Calculate the remainder when z is divided by (-3 + 45)/((-4)/(-2)).
18
Let p = -6729 + 6731. Let l = 0 - -2. What is the remainder when l is divided by p?
0
Calculate the remainder when (1476/16)/((-54)/(-144)) is divided by 27.
3
Let o be 1*7/(3 + -2). Suppose -2*g + o*g = 0. Suppose n = 2*n - 5*r - 37, g = -5*n + 3*r + 229. Calculate the remainder when n is divided by 10.
7
Calculate the remainder when 238 is divided by (8/(32/(-12)) - -2)*-15.
13
Let z = -18 + 23. Suppose z = 5*w, -4*w = -x - 10 + 3. Calculate the remainder when (-446)/(-6) - x/(-9) is divided by 19.
17
Let u = -1743 - -1759. Calculate the remainder when 1758 is divided by u.
14
Suppose 0 = b - 16 + 3. Suppose 3*v + 3*r + 53 = -2*r, b = -v + 3*r. Calculate the remainder when (2 + v/28)*14 is divided by 7.
6
Let j(i) = 20*i + 207. Calculate the remainder when j(-7) is divided by 27.
13
Let d(x) = x**3 + 8*x**2 - 11*x + 2. Let p be d(-8). Let h = p + -27. Suppose 2*q + 4*k = 28, k - 50 - 29 = -5*q. What is the remainder when h is divided by q?
15
Calculate the remainder when 208 + 4/(-2)*1 is divided by 36.
26
Suppose -23 + 1 = 2*x. What is the remainder when (-76)/(-3) + 6/9 is divided by 1264/176 - (-2)/x?
5
Let u(s) = -s**3 + 3*s**2 + s - 6. Let c be u(3). Let l = c - -38. What is the remainder when l is divided by 13?
9
Suppose -6*n = -3*n + 69. Let k = n + 35. Suppose -113 + 29 = -4*d + 4*o, 4*d = o + 84. Calculate the remainder when d is divided by k.
9
Suppose 0 = -4*h + 5*q + 76, -6*q = -2*q. What is the remainder when h is divided by 1/((-3)/(-12)) - 5/(9 + -14)?
4
Suppose k - 3196 = -2*l - 3*k, -l + 4*k + 1616 = 0. Suppose -8*m = -5*v - 5*m + l, -4*v - m = -1290. What is the remainder when v is divided by 18?
16
Let r(z) = -z**3 - 10*z**2 - 5*z - 10. Let n = 19 - 29. What is the remainder when r(n) is divided by 14?
12
Suppose -13*n + 17*n - 612 = p, 5*p + 153 = n. Calculate the remainder when n is divided by 14.
13
Let p(k) = -3*k**2 - 5*k - 12. Let o(f) = -4*f**2 - 4*f - 12. Let j(r) = -6*o(r) + 7*p(r). What is the remainder when 85 is divided by j(6)?
25
Suppose 3*m = 4*m - 4*z + 9, 4*m = -2*z. Let c be -27*(-1)/(m + 2). Suppose 3*d = -0*d - v + 27, 3*d - 3*v = c. Calculate the remainder when 26 is divided by d.
8
Let q = 17180 + -17028. Calculate the remainder when q is divided by 2/(-12)*-22*3.
9
Suppose -603 = 8*q + q. Let k = -51 - q. What is the remainder when k is divided by 9?
7
Let k = -86 - -149. Calculate the remainder when k is divided by 16240/480 + 10/(-12).
30
Suppose 4*q - 5*s = 2*q + 18, -3*q = 2*s + 11. Calculate the remainder when 7 is divided by ((-1)/q)/((-24)/(-48)).
1
Let m be 7/(21/(-9)) + -1. Let w(p) = -3*p - 6*p**2 - 2*p**3 - p + 4*p. What is the remainder when w(m) is divided by 17?
15
Calculate the remainder when 165 is divided by 3/(-9) - (-6820)/165.
1
Let q(f) = f**3 + f + 6. Let b be q(0). Let v be b + (-16)/4 - 1. What is the remainder when (0 - v) + (-2 - -6) is divided by 1?
0
Let r = 37 + -16. Suppose b - 16 = -3*h - 7, -b = 2*h - 5. Suppose 3*y - 195 = -5*t, 3*y + 156 = h*t + y. What is the remainder when t is divided by r?
18
Let y(x) = -x**3 - 2*x**2 + 5*x + 3. Let m be y(-4). Let z = -4 - -8. What is the remainder when (-24)/(-20)*m/2 is divided by z?
1
Let x = -734 + 755. Let w = -9 - -19. Suppose -2*g - 30 = -5*i, 2*g = 4*g - w. Calculate the remainder when x is divided by i.
5
Let l(p) = -4*p**2 + p + 78. Let f be l(0). Suppose 0 = -19*j + 17*j + f. Calculate the remainder when j is divided by 7.
4
Let t be -3 - (-19 - (-2 - -2)). Let s = 21 + t. Calculate the remainder when s is divided by 10.
7
Let y(i) = 2*i**2 - i**2 + 11 + 20*i - 3*i - 2*i**2. What is the remainder when y(9) is divided by 17?
15
Let x = 12 + -9. Suppose x*i + 2*i - 25 = 0. What is the remainder when 16 is divided by i?
1
Calculate the remainder when (-219)/6*2*(1 - 2) is divided by 13.
8
Suppose -u + 2*u - 14 = 3*d, 5*d + 26 = -u. Calculate the remainder when 7 is divided by (-11)/d + (-1)/((-5)/(-1)).
1
Let h(x) = 2*x**3 - 2*x**2 - x - 3. Suppose 0 = -16*s + 6*s + 560. Calculate the remainder when s is divided by h(3).
26
Let v(j) = -j**2 - 3*j + 62. Let b be (0 + (1 - 1))/(10/(-10)). What is the remainder when v(b) is divided by 16?
14
Let g = -31 + 42. Suppose -3 = -p + 2*q, 0 = -3*p - 3*q + g - 2. Calculate the remainder when 7 is divided by p.
1
Let c = -10 + -25. Suppose 0 = -4*g + 7*g + 180. Let s = c - g. What is the remainder when 97 is divided by s?
22
Let l = -145 - -352. Calculate the remainder when l is divided by 60.
27
Suppose -2*l = -2*q - 46, 8*q + 88 = 3*q - 4*l. What is the remainder when 52/((-9)/((-9)/2)) is divided by q/8*(-56)/10?
12
Let k(z) = 48*z - 5. Calculate the remainder when k(4) is divided by 38.
35
Let x be 3/3*81*1. Let f be (-18)/x + (-58)/(-18). Suppose 0 = p - 4*t + f, -5*p - 3*t + 31 = 0. What is the remainder when p is divided by 4?
1
Let m(k) = -27*k - 9. Calculate the remainder when 314 is divided by m(-2).
44
Let v = -5 + 25. Suppose 0 = -v*g + 25*g - 10. What is the remainder when g is divided by 1?
0
Let l(p) = p - 2 - 2*p - 1 + 2. Let i be l(-5). Suppose 0 = i*q + q - 95. What is the remainder when q is divided by 7?
5
Suppose -5*w + 9*w = 32. What is the remainder when 26/2*(w + 1) is divided by 20?
17
Suppose -3*w + 28 = -98. Let a(k) = -4*k + 20. Let y be a(-8). Let o = -30 + y. Calculate the remainder when w is divided by o.
20
Suppose 16*q + 135 = 615. What is the remainder when 71 is divided by q?
11
Calculate the remainder when (16/(-4) - 7)*391/(-17) is divided by 70.
43
Suppose 0 = -3*z + 2*x - 7*x + 66, 0 = -3*z + x + 84. Calculate the remainder when z is divided by 11.
5
Let t(k) = 2*k**3 + 5*k**2 + 3*k + 4. Let n be t(-3). Let o = -2 - n. Let u = -3096 + 3099. Calculate the remainder when o is divided by u.
0
Let n = -397 - -406. Calculate the remainder when 195 is divided by n.
6
Suppose -3*i + 2*s = -13 - 19, 10 = i - s. Suppose 4*a - 4*h - 16 = 3*a, -a + 2*h + 10 = 0. Let r = a - -1. What is the remainder when i is divided by r?
2
Let k(c) = 9*c + 1. L